{"id":19225,"date":"2026-02-25T13:14:17","date_gmt":"2026-02-25T13:14:17","guid":{"rendered":"https:\/\/beursvanberlage.com\/?post_type=events&#038;p=19225"},"modified":"2026-02-26T09:22:07","modified_gmt":"2026-02-26T09:22:07","slug":"icgn-conference","status":"publish","type":"events","link":"https:\/\/beursvanberlage.com\/fr\/events\/icgn-conference\/","title":{"rendered":"ICGN Conference"},"content":{"rendered":"<div class=\"wp-block-endeavour-wp-blocks-banner-w-content-card wp-block-endeavour-wp-blocks-banner-w-content-card\">\n    <div class=\"banner-w-content-card__outer-wrapper\">\n        <div class=\"banner-w-content-card__image-wrapper\">\n                            <img decoding=\"async\" class=\"banner-w-content-card__image\" src=\"https:\/\/beursvanberlage.com\/app\/uploads\/2026\/02\/IGCN-Stockholm-Conference-\u2013-Tumelo-attending.webp\" alt=\"Banner Image\" \/>\n                    <\/div>\n\n        <div class=\"banner-w-content-card__content-wrapper\">\n            <div class=\"content-wrapper\">\n                <div class=\"banner-w-content-card__text-wrapper\">\n                                            <div class=\"banner-w-content-card__breadcrumbs\">\n                                                                                            <a\n                                        href=\"https:\/\/beursvanberlage.com\/fr\/agenda\/\"\n                                        class=\"banner-w-content-card__breadcrumb-link \">\n                                    Agenda                                <\/a>\n                                                                    <span class=\"banner-w-content-card__breadcrumb-separator\"> \/ <\/span>\n                                                                                                                            <a\n                                        href=\"#\"\n                                        class=\"banner-w-content-card__breadcrumb-link banner-w-content-card__breadcrumb-link--active\">\n                                    ICGN Conference                                <\/a>\n                                                                                    <\/div>\n                    \n                                            <h1 class=\"banner-w-content-card__title\">\n                            ICGN Conference                        <\/h1>\n                    \n                                    <\/div>\n            <\/div>\n        <\/div>\n    <\/div>\n<\/div>\n\n\n\n<div class=\"wp-block-endeavour-wp-blocks-custom-spacer custom-spacer    \"><div style=\"height:1rem\" class=\"custom-spacer__mobile\"><\/div><div style=\"height:3rem\" class=\"custom-spacer__desktop\"><\/div><\/div>\n\n\n\n<section class=\"wp-block-endeavour-wp-blocks-content-container content-container    \"><div class=\"wp-block-endeavour-wp-blocks-content-container content-container__inner content-container__inner--medium    \">\n<div class=\"wp-block-endeavour-wp-blocks-image-w-text-cta    \"><div class=\"image-w-text-cta__outer-wrapper\"><div class=\"content-wrapper\"><div class=\"image-w-text-cta__inner-wrapper\"><div class=\"image-w-text-cta__content-wrapper\"><h4 class=\"image-w-text-cta__title\">Conf\u00e9rence d&#8217;\u00e9t\u00e9 de l&#8217;ICGN<\/h4><div class=\"image-w-text-cta__text\">Pour sa conf\u00e9rence d&#8217;\u00e9t\u00e9 2026, Beurs van Berlage accueille l&#8217;ICGN \u00e0 Amsterdam, l&#8217;\u00e9v\u00e9nement \u00e9tant organis\u00e9 par Eumedion. Cette conf\u00e9rence r\u00e9unit des leaders mondiaux de la gouvernance et de l&#8217;engagement actionnarial afin d&#8217;explorer les \u00e9volutions r\u00e9glementaires, les normes \u00e9mergentes et leurs implications pour les investisseurs et les entreprises.<br><br> Le programme abordera le reporting et l&#8217;assurance en mati\u00e8re de d\u00e9veloppement durable, les droits des actionnaires au titre de la directive SRD III, ainsi que l&#8217;int\u00e9gration de la culture et du capital humain dans les strat\u00e9gies de cr\u00e9ation de valeur \u00e0 long terme. Gr\u00e2ce \u00e0 des sessions approfondies sur les principaux march\u00e9s et les \u00e9conomies \u00e9mergentes, des pr\u00e9sentations d&#8217;experts et des conseils pratiques sur le vote par procuration et l&#8217;activisme actionnarial, la conf\u00e9rence permettra aux participants de mieux appr\u00e9hender l&#8217;\u00e9volution des attentes et de renforcer leur engagement actionnarial.<\/div><div class=\"wp-block-endeavour-wp-blocks-image-w-text-cta    \">\n<div class=\"wp-block-endeavour-wp-blocks-buttons-wrapper    \"><div class=\"wp-block-endeavour-wp-blocks-buttons-wrapper     buttons-wrapper__wrapper\">\n<div class=\"wp-block-endeavour-wp-blocks-main-button     main-button\"><a class=\"main-button__wrapper main-button__wrapper--is-primary\" href=\"https:\/\/www.icgn.org\/icgn-summer-conference-2026-amsterdam\" target=\"_blank\" rel=\"noopener\">Plus d&#8217;informations<\/a><\/div>\n<\/div><\/div>\n<\/div><\/div><div class=\"image-w-text-cta__image-wrapper\"><img decoding=\"async\" class=\"image-w-text-cta__image\" src=\"https:\/\/beursvanberlage.com\/app\/uploads\/2026\/02\/Conference-image-logo.jpg\" alt=\"Uploaded Media\" loading=\"lazy\"\/><\/div><\/div><\/div><\/div><\/div>\n<\/div><\/section>\n\n\n\n<div class=\"wp-block-endeavour-wp-blocks-custom-spacer custom-spacer    \"><div style=\"height:1rem\" class=\"custom-spacer__mobile\"><\/div><div style=\"height:3rem\" class=\"custom-spacer__desktop\"><\/div><\/div>\n\n\n\n<section class=\"wp-block-endeavour-wp-blocks-content-container content-container    \"><div class=\"wp-block-endeavour-wp-blocks-content-container content-container__inner content-container__inner--medium    \"><section class=\"usps-card-list  wp-block-endeavour-wp-blocks-usps-card-list usps-card-list wp-block-endeavour-wp-blocks-usps-card-list\">\n            <ul class=\"usps-card-list__cards\">\n            \n\n<li class=\"wp-block-endeavour-wp-blocks-usps-card-item usps-card-item usps-card-list__card-item    \"><a class=\"usps-card-item__link \" href=\"https:\/\/www.icgn.org\/icgn-summer-conference-2026-amsterdam\" target=\"_blank\" rel=\"noopener\"><h3 class=\"usps-card-item__title\"><\/h3><div class=\"usps-card-item__content-wrapper\"><p class=\"usps-card-item__content\">Plus d&#8217;informations<\/p><svg class=\"usps-card-item__icon\" viewBox=\"0 0 512 512\"><path d=\"M502.6 278.6c12.5-12.5 12.5-32.8 0-45.3l-128-128c-12.5-12.5-32.8-12.5-45.3 0s-12.5 32.8 0 45.3L402.7 224 32 224c-17.7 0-32 14.3-32 32s14.3 32 32 32l370.7 0-73.4 73.4c-12.5 12.5-12.5 32.8 0 45.3s32.8 12.5 45.3 0l128-128z\"><\/path><\/svg><\/div><\/a><\/li>\n\n\n\n<li class=\"wp-block-endeavour-wp-blocks-usps-card-item usps-card-item usps-card-list__card-item    \"><a class=\"usps-card-item__link \" href=\"https:\/\/beursvanberlage.com\/fr\/organiser\/nos-services\/conference-et-hotel-services\/\" target=\"_self\" rel=\"noopener\"><h3 class=\"usps-card-item__title\"><\/h3><div class=\"usps-card-item__content-wrapper\"><p class=\"usps-card-item__content\">R\u00e9servez votre chambre d&#8217;h\u00f4tel<\/p><svg class=\"usps-card-item__icon\" viewBox=\"0 0 512 512\"><path d=\"M502.6 278.6c12.5-12.5 12.5-32.8 0-45.3l-128-128c-12.5-12.5-32.8-12.5-45.3 0s-12.5 32.8 0 45.3L402.7 224 32 224c-17.7 0-32 14.3-32 32s14.3 32 32 32l370.7 0-73.4 73.4c-12.5 12.5-12.5 32.8 0 45.3s32.8 12.5 45.3 0l128-128z\"><\/path><\/svg><\/div><\/a><\/li>\n\n\n\n<li class=\"wp-block-endeavour-wp-blocks-usps-card-item usps-card-item usps-card-list__card-item    \"><a class=\"usps-card-item__link \" href=\"https:\/\/beursvanberlage.com\/fr\/organiser\/amsterdam\/\" target=\"_self\" rel=\"noopener\"><h3 class=\"usps-card-item__title\"><\/h3><div class=\"usps-card-item__content-wrapper\"><p class=\"usps-card-item__content\">D\u00e9couvrez Amsterdam<\/p><svg class=\"usps-card-item__icon\" viewBox=\"0 0 512 512\"><path d=\"M502.6 278.6c12.5-12.5 12.5-32.8 0-45.3l-128-128c-12.5-12.5-32.8-12.5-45.3 0s-12.5 32.8 0 45.3L402.7 224 32 224c-17.7 0-32 14.3-32 32s14.3 32 32 32l370.7 0-73.4 73.4c-12.5 12.5-12.5 32.8 0 45.3s32.8 12.5 45.3 0l128-128z\"><\/path><\/svg><\/div><\/a><\/li>\n\n\n\n<li class=\"wp-block-endeavour-wp-blocks-usps-card-item usps-card-item usps-card-list__card-item    \"><a class=\"usps-card-item__link \" href=\"https:\/\/beursvanberlage.com\/fr\/whats-on\/\" target=\"_self\" rel=\"noopener\"><h3 class=\"usps-card-item__title\"><\/h3><div class=\"usps-card-item__content-wrapper\"><p class=\"usps-card-item__content\">Autres \u00e9v\u00e9nements<\/p><svg class=\"usps-card-item__icon\" viewBox=\"0 0 512 512\"><path d=\"M502.6 278.6c12.5-12.5 12.5-32.8 0-45.3l-128-128c-12.5-12.5-32.8-12.5-45.3 0s-12.5 32.8 0 45.3L402.7 224 32 224c-17.7 0-32 14.3-32 32s14.3 32 32 32l370.7 0-73.4 73.4c-12.5 12.5-12.5 32.8 0 45.3s32.8 12.5 45.3 0l128-128z\"><\/path><\/svg><\/div><\/a><\/li>\n\n\n\n<li class=\"wp-block-endeavour-wp-blocks-usps-card-item usps-card-item usps-card-list__card-item    \"><a class=\"usps-card-item__link \" href=\"https:\/\/beursvanberlage.com\/fr\/contact\/\" target=\"_self\" rel=\"noopener\"><h3 class=\"usps-card-item__title\"><\/h3><div class=\"usps-card-item__content-wrapper\"><p class=\"usps-card-item__content\">Plus d&#8217;informations<\/p><svg class=\"usps-card-item__icon\" viewBox=\"0 0 512 512\"><path d=\"M502.6 278.6c12.5-12.5 12.5-32.8 0-45.3l-128-128c-12.5-12.5-32.8-12.5-45.3 0s-12.5 32.8 0 45.3L402.7 224 32 224c-17.7 0-32 14.3-32 32s14.3 32 32 32l370.7 0-73.4 73.4c-12.5 12.5-12.5 32.8 0 45.3s32.8 12.5 45.3 0l128-128z\"><\/path><\/svg><\/div><\/a><\/li>\n\n\n\n<li class=\"wp-block-endeavour-wp-blocks-usps-card-item usps-card-item usps-card-list__card-item    \"><a class=\"usps-card-item__link \" href=\"https:\/\/beursvanberlage.com\/fr\/a-propos-de-la-beurs\/durabilite-2\/\" target=\"_self\" rel=\"noopener\"><h3 class=\"usps-card-item__title\"><\/h3><div class=\"usps-card-item__content-wrapper\"><p class=\"usps-card-item__content\">Durabilit\u00e9 <\/p><svg class=\"usps-card-item__icon\" viewBox=\"0 0 512 512\"><path d=\"M502.6 278.6c12.5-12.5 12.5-32.8 0-45.3l-128-128c-12.5-12.5-32.8-12.5-45.3 0s-12.5 32.8 0 45.3L402.7 224 32 224c-17.7 0-32 14.3-32 32s14.3 32 32 32l370.7 0-73.4 73.4c-12.5 12.5-12.5 32.8 0 45.3s32.8 12.5 45.3 0l128-128z\"><\/path><\/svg><\/div><\/a><\/li>\n\n        <\/ul>\n    \n    <\/section>\n<\/div><\/section>\n\n\n\n<div class=\"wp-block-endeavour-wp-blocks-custom-spacer custom-spacer    \"><div style=\"height:1rem\" class=\"custom-spacer__mobile\"><\/div><div style=\"height:3rem\" class=\"custom-spacer__desktop\"><\/div><\/div>\n\n\n\n<div class=\"wp-block-endeavour-wp-blocks-map-and-content map-section custom-small-content-wrapper   \"><div class=\"map-section__background-image-wrapper \"><img decoding=\"async\" src=\"https:\/\/beursvanberlage.com\/app\/uploads\/2024\/07\/TPT-HIGHLIGTS-DAY-2_47.jpg\" alt=\"\" class=\"map-section__background-image\"\/><\/div><div class=\"map-section__columns content-wrapper\"><div class=\"map-section__map-column \" data-attributes=\"{&quot;backgroundImage&quot;:&quot;https:\/\/beursvanberlage.com\/app\/uploads\/2024\/07\/TPT-HIGHLIGTS-DAY-2_47.jpg&quot;,&quot;markers&quot;:[{&quot;lat&quot;:52.375065367428626,&quot;lng&quot;:4.8961687088012695,&quot;markerIcon&quot;:&quot;https:\/\/beursvanberlage.com\/app\/uploads\/2024\/06\/BeursGold.png&quot;}],&quot;zoom&quot;:8,&quot;center&quot;:{&quot;lat&quot;:0,&quot;lng&quot;:0},&quot;isIframe&quot;:false,&quot;iframeCode&quot;:&quot;&quot;,&quot;smallContent&quot;:true}\"><\/div><div class=\"map-section__content-column\">\n<div style=\"height:32px\" aria-hidden=\"true\" class=\"wp-block-spacer    \"><\/div>\n\n\n\n<h4 class=\"wp-block-heading    \">Informations pratiques<\/h4>\n\n\n\n<div style=\"height:32px\" aria-hidden=\"true\" class=\"wp-block-spacer    \"><\/div>\n\n\n\n<h5 class=\"wp-block-heading    \">Adresse visiteurs<\/h5>\n\n\n\n<p class=\"undefined    \">Damrak 243<\/p>\n\n\n\n<p class=\"undefined    \">1012 ZJ Amsterdam<\/p>\n\n\n\n<p class=\"undefined    \">Pays-Bas<\/p>\n\n\n\n<div style=\"height:32px\" aria-hidden=\"true\" class=\"wp-block-spacer    \"><\/div>\n\n\n\n<h5 class=\"wp-block-heading    \">Adresse de livraison<\/h5>\n\n\n\n<p class=\"undefined    \">Beursstraat 6 &#8211; exp\u00e9dition<\/p>\n\n\n\n<p class=\"undefined    \">1012 JV Amsterdam<\/p>\n\n\n\n<p class=\"undefined    \">Pays-Bas<\/p>\n\n\n\n<div style=\"height:32px\" aria-hidden=\"true\" class=\"wp-block-spacer    \"><\/div>\n<\/div><\/div><\/div>\n","protected":false},"excerpt":{"rendered":"<p>Pour sa conf\u00e9rence d&#8217;\u00e9t\u00e9 2026, Beurs van Berlage accueille l&#8217;ICGN \u00e0 Amsterdam, l&#8217;\u00e9v\u00e9nement \u00e9tant organis\u00e9 par Eumedion.<\/p>\n","protected":false},"author":12,"featured_media":19171,"comment_status":"closed","ping_status":"closed","template":"","event-category":[53],"class_list":["post-19225","events","type-events","status-publish","has-post-thumbnail","hentry","event-category-conference"],"_links":{"self":[{"href":"https:\/\/beursvanberlage.com\/fr\/wp-json\/wp\/v2\/events\/19225","targetHints":{"allow":["GET"]}}],"collection":[{"href":"https:\/\/beursvanberlage.com\/fr\/wp-json\/wp\/v2\/events"}],"about":[{"href":"https:\/\/beursvanberlage.com\/fr\/wp-json\/wp\/v2\/types\/events"}],"author":[{"embeddable":true,"href":"https:\/\/beursvanberlage.com\/fr\/wp-json\/wp\/v2\/users\/12"}],"replies":[{"embeddable":true,"href":"https:\/\/beursvanberlage.com\/fr\/wp-json\/wp\/v2\/comments?post=19225"}],"wp:featuredmedia":[{"embeddable":true,"href":"https:\/\/beursvanberlage.com\/fr\/wp-json\/wp\/v2\/media\/19171"}],"wp:attachment":[{"href":"https:\/\/beursvanberlage.com\/fr\/wp-json\/wp\/v2\/media?parent=19225"}],"wp:term":[{"taxonomy":"event-category","embeddable":true,"href":"https:\/\/beursvanberlage.com\/fr\/wp-json\/wp\/v2\/event-category?post=19225"}],"curies":[{"name":"wp","href":"https:\/\/api.w.org\/{rel}","templated":true}]}}

<div class="wp-block-endeavour-wp-blocks-banner-w-content-card wp-block-endeavour-wp-blocks-banner-w-content-card">
    <div class="banner-w-content-card__outer-wrapper">
        <div class="banner-w-content-card__image-wrapper">
                            <img decoding="async" class="banner-w-content-card__image" src="https://beursvanberlage.com/app/uploads/2026/02/IGCN-Stockholm-Conference-–-Tumelo-attending.webp" alt="Banner Image" />
                    </div>

        <div class="banner-w-content-card__content-wrapper">
            <div class="content-wrapper">
                <div class="banner-w-content-card__text-wrapper">
                                            <div class="banner-w-content-card__breadcrumbs">
                                                                                            <a
                                        href="https://beursvanberlage.com/fr/agenda/"
                                        class="banner-w-content-card__breadcrumb-link ">
                                    Agenda                                </a>
                                                                    <span class="banner-w-content-card__breadcrumb-separator"> / </span>
                                                                                                                            <a
                                        href="#"
                                        class="banner-w-content-card__breadcrumb-link banner-w-content-card__breadcrumb-link--active">
                                    ICGN Conference                                </a>
                                                                                    </div>
                    
                                            <h1 class="banner-w-content-card__title">
                            ICGN Conference                        </h1>
                    
                                    </div>
            </div>
        </div>
    </div>
</div>



<div class="wp-block-endeavour-wp-blocks-custom-spacer custom-spacer    "><div style="height:1rem" class="custom-spacer__mobile"></div><div style="height:3rem" class="custom-spacer__desktop"></div></div>



<section class="wp-block-endeavour-wp-blocks-content-container content-container    "><div class="wp-block-endeavour-wp-blocks-content-container content-container__inner content-container__inner--medium    ">
<div class="wp-block-endeavour-wp-blocks-image-w-text-cta    "><div class="image-w-text-cta__outer-wrapper"><div class="content-wrapper"><div class="image-w-text-cta__inner-wrapper"><div class="image-w-text-cta__content-wrapper"><h4 class="image-w-text-cta__title">Conférence d&#8217;été de l&#8217;ICGN</h4><div class="image-w-text-cta__text">Pour sa conférence d&#8217;été 2026, Beurs van Berlage accueille l&#8217;ICGN à Amsterdam, l&#8217;événement étant organisé par Eumedion. Cette conférence réunit des leaders mondiaux de la gouvernance et de l&#8217;engagement actionnarial afin d&#8217;explorer les évolutions réglementaires, les normes émergentes et leurs implications pour les investisseurs et les entreprises.<br><br> Le programme abordera le reporting et l&#8217;assurance en matière de développement durable, les droits des actionnaires au titre de la directive SRD III, ainsi que l&#8217;intégration de la culture et du capital humain dans les stratégies de création de valeur à long terme. Grâce à des sessions approfondies sur les principaux marchés et les économies émergentes, des présentations d&#8217;experts et des conseils pratiques sur le vote par procuration et l&#8217;activisme actionnarial, la conférence permettra aux participants de mieux appréhender l&#8217;évolution des attentes et de renforcer leur engagement actionnarial.</div><div class="wp-block-endeavour-wp-blocks-image-w-text-cta    ">
<div class="wp-block-endeavour-wp-blocks-buttons-wrapper    "><div class="wp-block-endeavour-wp-blocks-buttons-wrapper     buttons-wrapper__wrapper">
<div class="wp-block-endeavour-wp-blocks-main-button     main-button"><a class="main-button__wrapper main-button__wrapper--is-primary" href="https://www.icgn.org/icgn-summer-conference-2026-amsterdam" target="_blank" rel="noopener">Plus d&#8217;informations</a></div>
</div></div>
</div></div><div class="image-w-text-cta__image-wrapper"><img decoding="async" class="image-w-text-cta__image" src="https://beursvanberlage.com/app/uploads/2026/02/Conference-image-logo.jpg" alt="Uploaded Media" loading="lazy"/></div></div></div></div></div>
</div></section>



<div class="wp-block-endeavour-wp-blocks-custom-spacer custom-spacer    "><div style="height:1rem" class="custom-spacer__mobile"></div><div style="height:3rem" class="custom-spacer__desktop"></div></div>



<section class="wp-block-endeavour-wp-blocks-content-container content-container    "><div class="wp-block-endeavour-wp-blocks-content-container content-container__inner content-container__inner--medium    "><section class="usps-card-list  wp-block-endeavour-wp-blocks-usps-card-list usps-card-list wp-block-endeavour-wp-blocks-usps-card-list">
            <ul class="usps-card-list__cards">
            

<li class="wp-block-endeavour-wp-blocks-usps-card-item usps-card-item usps-card-list__card-item    "><a class="usps-card-item__link " href="https://www.icgn.org/icgn-summer-conference-2026-amsterdam" target="_blank" rel="noopener"><h3 class="usps-card-item__title"></h3><div class="usps-card-item__content-wrapper"><p class="usps-card-item__content">Plus d&#8217;informations</p><svg class="usps-card-item__icon" viewBox="0 0 512 512"><path d="M502.6 278.6c12.5-12.5 12.5-32.8 0-45.3l-128-128c-12.5-12.5-32.8-12.5-45.3 0s-12.5 32.8 0 45.3L402.7 224 32 224c-17.7 0-32 14.3-32 32s14.3 32 32 32l370.7 0-73.4 73.4c-12.5 12.5-12.5 32.8 0 45.3s32.8 12.5 45.3 0l128-128z"></path></svg></div></a></li>



<li class="wp-block-endeavour-wp-blocks-usps-card-item usps-card-item usps-card-list__card-item    "><a class="usps-card-item__link " href="https://beursvanberlage.com/fr/organiser/nos-services/conference-et-hotel-services/" target="_self" rel="noopener"><h3 class="usps-card-item__title"></h3><div class="usps-card-item__content-wrapper"><p class="usps-card-item__content">Réservez votre chambre d&#8217;hôtel</p><svg class="usps-card-item__icon" viewBox="0 0 512 512"><path d="M502.6 278.6c12.5-12.5 12.5-32.8 0-45.3l-128-128c-12.5-12.5-32.8-12.5-45.3 0s-12.5 32.8 0 45.3L402.7 224 32 224c-17.7 0-32 14.3-32 32s14.3 32 32 32l370.7 0-73.4 73.4c-12.5 12.5-12.5 32.8 0 45.3s32.8 12.5 45.3 0l128-128z"></path></svg></div></a></li>



<li class="wp-block-endeavour-wp-blocks-usps-card-item usps-card-item usps-card-list__card-item    "><a class="usps-card-item__link " href="https://beursvanberlage.com/fr/organiser/amsterdam/" target="_self" rel="noopener"><h3 class="usps-card-item__title"></h3><div class="usps-card-item__content-wrapper"><p class="usps-card-item__content">Découvrez Amsterdam</p><svg class="usps-card-item__icon" viewBox="0 0 512 512"><path d="M502.6 278.6c12.5-12.5 12.5-32.8 0-45.3l-128-128c-12.5-12.5-32.8-12.5-45.3 0s-12.5 32.8 0 45.3L402.7 224 32 224c-17.7 0-32 14.3-32 32s14.3 32 32 32l370.7 0-73.4 73.4c-12.5 12.5-12.5 32.8 0 45.3s32.8 12.5 45.3 0l128-128z"></path></svg></div></a></li>



<li class="wp-block-endeavour-wp-blocks-usps-card-item usps-card-item usps-card-list__card-item    "><a class="usps-card-item__link " href="https://beursvanberlage.com/fr/whats-on/" target="_self" rel="noopener"><h3 class="usps-card-item__title"></h3><div class="usps-card-item__content-wrapper"><p class="usps-card-item__content">Autres événements</p><svg class="usps-card-item__icon" viewBox="0 0 512 512"><path d="M502.6 278.6c12.5-12.5 12.5-32.8 0-45.3l-128-128c-12.5-12.5-32.8-12.5-45.3 0s-12.5 32.8 0 45.3L402.7 224 32 224c-17.7 0-32 14.3-32 32s14.3 32 32 32l370.7 0-73.4 73.4c-12.5 12.5-12.5 32.8 0 45.3s32.8 12.5 45.3 0l128-128z"></path></svg></div></a></li>



<li class="wp-block-endeavour-wp-blocks-usps-card-item usps-card-item usps-card-list__card-item    "><a class="usps-card-item__link " href="https://beursvanberlage.com/fr/contact/" target="_self" rel="noopener"><h3 class="usps-card-item__title"></h3><div class="usps-card-item__content-wrapper"><p class="usps-card-item__content">Plus d&#8217;informations</p><svg class="usps-card-item__icon" viewBox="0 0 512 512"><path d="M502.6 278.6c12.5-12.5 12.5-32.8 0-45.3l-128-128c-12.5-12.5-32.8-12.5-45.3 0s-12.5 32.8 0 45.3L402.7 224 32 224c-17.7 0-32 14.3-32 32s14.3 32 32 32l370.7 0-73.4 73.4c-12.5 12.5-12.5 32.8 0 45.3s32.8 12.5 45.3 0l128-128z"></path></svg></div></a></li>



<li class="wp-block-endeavour-wp-blocks-usps-card-item usps-card-item usps-card-list__card-item    "><a class="usps-card-item__link " href="https://beursvanberlage.com/fr/a-propos-de-la-beurs/durabilite-2/" target="_self" rel="noopener"><h3 class="usps-card-item__title"></h3><div class="usps-card-item__content-wrapper"><p class="usps-card-item__content">Durabilité </p><svg class="usps-card-item__icon" viewBox="0 0 512 512"><path d="M502.6 278.6c12.5-12.5 12.5-32.8 0-45.3l-128-128c-12.5-12.5-32.8-12.5-45.3 0s-12.5 32.8 0 45.3L402.7 224 32 224c-17.7 0-32 14.3-32 32s14.3 32 32 32l370.7 0-73.4 73.4c-12.5 12.5-12.5 32.8 0 45.3s32.8 12.5 45.3 0l128-128z"></path></svg></div></a></li>

        </ul>
    
    </section>
</div></section>



<div class="wp-block-endeavour-wp-blocks-custom-spacer custom-spacer    "><div style="height:1rem" class="custom-spacer__mobile"></div><div style="height:3rem" class="custom-spacer__desktop"></div></div>



<div class="wp-block-endeavour-wp-blocks-map-and-content map-section custom-small-content-wrapper   "><div class="map-section__background-image-wrapper "><img decoding="async" src="https://beursvanberlage.com/app/uploads/2024/07/TPT-HIGHLIGTS-DAY-2_47.jpg" alt="" class="map-section__background-image"/></div><div class="map-section__columns content-wrapper"><div class="map-section__map-column " data-attributes="{&quot;backgroundImage&quot;:&quot;https://beursvanberlage.com/app/uploads/2024/07/TPT-HIGHLIGTS-DAY-2_47.jpg&quot;,&quot;markers&quot;:[{&quot;lat&quot;:52.375065367428626,&quot;lng&quot;:4.8961687088012695,&quot;markerIcon&quot;:&quot;https://beursvanberlage.com/app/uploads/2024/06/BeursGold.png&quot;}],&quot;zoom&quot;:8,&quot;center&quot;:{&quot;lat&quot;:0,&quot;lng&quot;:0},&quot;isIframe&quot;:false,&quot;iframeCode&quot;:&quot;&quot;,&quot;smallContent&quot;:true}"></div><div class="map-section__content-column">
<div style="height:32px" aria-hidden="true" class="wp-block-spacer    "></div>



<h4 class="wp-block-heading    ">Informations pratiques</h4>



<div style="height:32px" aria-hidden="true" class="wp-block-spacer    "></div>



<h5 class="wp-block-heading    ">Adresse visiteurs</h5>



<p class="undefined    ">Damrak 243</p>



<p class="undefined    ">1012 ZJ Amsterdam</p>



<p class="undefined    ">Pays-Bas</p>



<div style="height:32px" aria-hidden="true" class="wp-block-spacer    "></div>



<h5 class="wp-block-heading    ">Adresse de livraison</h5>



<p class="undefined    ">Beursstraat 6 &#8211; expédition</p>



<p class="undefined    ">1012 JV Amsterdam</p>



<p class="undefined    ">Pays-Bas</p>



<div style="height:32px" aria-hidden="true" class="wp-block-spacer    "></div>
</div></div></div>

<p>Pour sa conférence d&#8217;été 2026, Beurs van Berlage accueille l&#8217;ICGN à Amsterdam, l&#8217;événement étant organisé par Eumedion.</p>
