{"id":8845,"date":"2023-09-28T10:49:00","date_gmt":"2023-09-28T10:49:00","guid":{"rendered":"https:\/\/beursvanberlage.com\/?post_type=showcase&#038;p=8845"},"modified":"2025-09-22T14:51:50","modified_gmt":"2025-09-22T14:51:50","slug":"charity-gala-princes-maxima-centrum","status":"publish","type":"showcase","link":"https:\/\/beursvanberlage.com\/de\/showcases\/charity-gala-princes-maxima-centrum\/","title":{"rendered":"Charity gala Princes Maxima Centrum"},"content":{"rendered":"<div class=\"wp-block-endeavour-wp-blocks-banner-w-content-card wp-block-endeavour-wp-blocks-banner-w-content-card\">\n    <div class=\"banner-w-content-card__outer-wrapper\">\n        <div class=\"banner-w-content-card__image-wrapper\">\n                            <img decoding=\"async\" class=\"banner-w-content-card__image\" src=\"https:\/\/beursvanberlage.com\/app\/uploads\/2024\/10\/181PrinsesMaximaGaladiner280923.jpg\" alt=\"Banner Image\" \/>\n                    <\/div>\n\n        <div class=\"banner-w-content-card__content-wrapper\">\n            <div class=\"content-wrapper\">\n                <div class=\"banner-w-content-card__text-wrapper\">\n                                            <div class=\"banner-w-content-card__breadcrumbs\">\n                                                                                            <a\n                                        href=\"https:\/\/beursvanberlage.com\/de\/veranstalten\/showcases\/\"\n                                        class=\"banner-w-content-card__breadcrumb-link \">\n                                    Showcases                                <\/a>\n                                                                    <span class=\"banner-w-content-card__breadcrumb-separator\"> \/ <\/span>\n                                                                                                                            <a\n                                        href=\"#\"\n                                        class=\"banner-w-content-card__breadcrumb-link banner-w-content-card__breadcrumb-link--active\">\n                                    Charity gala Princes Maxima Centrum                                <\/a>\n                                                                                    <\/div>\n                    \n                                            <h1 class=\"banner-w-content-card__title\">\n                            CHARITY LUSTRUM GALA                        <\/h1>\n                    \n                                            <p class=\"banner-w-content-card__description\">\n                            Das Charity Lustrum Gala der Prinses M\u00e1xima Foundation in der Beurs van Berlage, besucht von K\u00f6nigin M\u00e1xima, sammelte \u00fcber 4.523.645 \u20ac f\u00fcr Projekte rund um Kinderkrebs.                        <\/p>\n                                    <\/div>\n            <\/div>\n        <\/div>\n    <\/div>\n<\/div>\n\n\n\n<div class=\"wp-block-endeavour-wp-blocks-custom-spacer custom-spacer    \"><div style=\"height:1rem\" class=\"custom-spacer__mobile\"><\/div><div style=\"height:3rem\" class=\"custom-spacer__desktop\"><\/div><\/div>\n\n\n\n<section class=\"wp-block-endeavour-wp-blocks-content-container content-container    \"><div class=\"wp-block-endeavour-wp-blocks-content-container content-container__inner content-container__inner--full    \">\n<div class=\"wp-block-endeavour-wp-blocks-image-w-text-cta    \"><div class=\"image-w-text-cta__outer-wrapper\"><div class=\"content-wrapper\"><div class=\"image-w-text-cta__inner-wrapper\"><div class=\"image-w-text-cta__content-wrapper\"><h4 class=\"image-w-text-cta__title\">Ein unvergessliches Charity Lustrum Gala<\/h4><div class=\"image-w-text-cta__text\">Am Donnerstag, den 28. September, fand das f\u00fcnfj\u00e4hrige <a href=\"https:\/\/www.koninklijkhuis.nl\/actueel\/nieuws\/2023\/09\/28\/koningin-maxima-bij-lustrumbenefietgala-prinses-maxima-centrum-voor-kinderoncologie\" target=\"_blank\" rel=\"noopener\">Jubil\u00e4umsgala der Prinses M\u00e1xima Foundation<\/a> in der Beurs van Berlage statt, eine Abendveranstaltung, an der K\u00f6nigin M\u00e1xima teilnahm und die von Chantal Janzen moderiert wurde. Der Abend stand im Zeichen der beeindruckenden Meilensteine des M\u00e1xima-Zentrums und der gemeinsamen Mission, jedes krebskranke Kind zu heilen und dabei die bestm\u00f6gliche Lebensqualit\u00e4t zu gew\u00e4hrleisten. Mehr als 60 Mitarbeiter des Zentrums halfen freiwillig, um den Abend zum Erfolg zu machen. Das Publikum erlebte Auftritte von K\u00fcnstlern wie Maan, Anita Meyer, den DJs Sunnery James &amp; Ryan Marciano und vielen anderen. Ein besonderer Moment war die Geschichte des \u00dcberlebenden Mick Krouwels, der seine inspirierende Reise mit den Anwesenden teilte.<\/div><div class=\"wp-block-endeavour-wp-blocks-image-w-text-cta    \"><\/div><\/div><div class=\"image-w-text-cta__image-wrapper\"><img decoding=\"async\" class=\"image-w-text-cta__image\" src=\"https:\/\/beursvanberlage.com\/app\/uploads\/2024\/10\/629PrinsesMaximaGaladiner280923.jpg\" alt=\"Uploaded Media\" loading=\"lazy\"\/><\/div><\/div><\/div><\/div><\/div>\n<\/div><\/section>\n\n\n\n<div class=\"wp-block-endeavour-wp-blocks-custom-spacer custom-spacer    \"><div style=\"height:1rem\" class=\"custom-spacer__mobile\"><\/div><div style=\"height:3rem\" class=\"custom-spacer__desktop\"><\/div><\/div>\n\n\n\n<div class=\"wp-block-endeavour-wp-blocks-banner-three-media    \"><div class=\"banner-w-medias__wrapper\"><div class=\"banner-w-medias__top-wrapper\"><div class=\"banner-w-medias__media-wrapper banner-w-medias__media-wrapper--first-media\"><img decoding=\"async\" class=\"banner-w-medias__first-media\" src=\"https:\/\/beursvanberlage.com\/app\/uploads\/2024\/10\/215PrinsesMaximaGaladiner280923.jpg\" alt=\"Uploaded Media 1\"\/><\/div><\/div><div class=\"banner-w-medias__bottom-wrapper\"><div class=\"banner-w-medias__media-wrapper banner-w-medias__media-wrapper--second-media\"><img decoding=\"async\" class=\"banner-w-medias__second-media\" src=\"https:\/\/beursvanberlage.com\/app\/uploads\/2024\/10\/282PrinsesMaximaGaladiner280923.jpg\" alt=\"Uploaded Media 2\"\/><\/div><div class=\"banner-w-medias__media-wrapper banner-w-medias__media-wrapper--third-media\"><img decoding=\"async\" class=\"banner-w-medias__third-media\" src=\"https:\/\/beursvanberlage.com\/app\/uploads\/2024\/10\/260PrinsesMaximaGaladiner280923.jpg\" alt=\"Uploaded Media 3\"\/><\/div><\/div><\/div><\/div>\n\n\n\n<div class=\"wp-block-endeavour-wp-blocks-custom-spacer custom-spacer    \"><div style=\"height:1rem\" class=\"custom-spacer__mobile\"><\/div><div style=\"height:3rem\" class=\"custom-spacer__desktop\"><\/div><\/div>\n\n\n\n<section class=\"wp-block-endeavour-wp-blocks-content-container content-container    \"><div class=\"wp-block-endeavour-wp-blocks-content-container content-container__inner content-container__inner--medium    \">\n<h4 class=\"wp-block-heading    \">Unser gesellschaftliches Engagement<\/h4>\n\n\n\n<p class=\"undefined    \">Der Abend war nicht nur voller emotionaler H\u00f6hepunkte, sondern leistete auch einen beeindruckenden Beitrag f\u00fcr einen guten Zweck. Dank des Einsatzes aller Beteiligten wurde ein Betrag von 4.523.645 \u20ac gesammelt, der Projekten zur Talentf\u00f6rderung und Immuntherapie zugutekommt. Die Beurs van Berlage ist zusammen mit ihren Partnern Faber, Ampco Flashlight Rental, Maison van den Boer, H\u00e9man Horecaverhuur und ISG Security Nederland stolz darauf, eine bedeutende Rolle bei diesem unvergesslichen Ereignis gespielt zu haben, das auf bemerkenswerte Weise die Kraft von Zusammenarbeit und Engagement unterstrich.<\/p>\n<\/div><\/section>\n\n\n\n<div class=\"wp-block-endeavour-wp-blocks-custom-spacer custom-spacer    \"><div style=\"height:1rem\" class=\"custom-spacer__mobile\"><\/div><div style=\"height:3rem\" class=\"custom-spacer__desktop\"><\/div><\/div>\n\n\n\n<section class=\"wp-block-endeavour-wp-blocks-content-container content-container    \"><div class=\"wp-block-endeavour-wp-blocks-content-container content-container__inner content-container__inner--full    \">\n<figure class=\"wp-block-embed is-type-video is-provider-vimeo wp-block-embed-vimeo wp-embed-aspect-16-9 wp-has-aspect-ratio    \"><div class=\"wp-block-embed__wrapper\">\n<iframe loading=\"lazy\" title=\"Aftermovie Charity Lustrum Gala Prinses M\u00e1xima Centrum, 28 september 2023, Beurs van Berlage, Amsterdam.\" src=\"https:\/\/player.vimeo.com\/video\/870396936?dnt=1&amp;app_id=122963\" width=\"500\" height=\"281\" frameborder=\"0\" allow=\"autoplay; fullscreen; picture-in-picture; clipboard-write; encrypted-media; web-share\" referrerpolicy=\"strict-origin-when-cross-origin\"><\/iframe>\n<\/div><\/figure>\n<\/div><\/section>\n\n\n\n<div class=\"wp-block-endeavour-wp-blocks-contact-form     contact-form\"><div class=\"contact-form__outer-wrapper \"><div class=\"content-wrapper\"><div class=\"contact-form__inner-wrapper\"><div class=\"contact-form__content-wrapper\"><div class=\"contact-form__text-wrapper\"><h4 class=\"contact-form__title\">Want to organise a similar event?<\/h4><p class=\"contact-form__description\">Fill in your details, and we\u2019ll get in touch as soon as possible to explain how we can make it happen. <br><br>Please note that, due to the scale and nature of our venue, we only process event enquiries for <strong>groups of 200 guests<\/strong> or more.<br><br><strong>Prefer direct contact? <\/strong><br>Call us at <a href=\"tel:+31205313355\">+31 (0)20 531 33 55<\/a> or email us at <a>events@beursvanberlage.com<\/a>. <br><br>We\u2019d love to hear how we can assist you!<\/p><\/div><\/div><div class=\"contact-form__form-wrapper\"><script charset=\"utf-8\" type=\"text\/javascript\" src=\"\/\/js.hsforms.net\/forms\/embed\/v2.js\"><\/script>\n<script>\n  hbspt.forms.create({\n    portalId: \"5233325\",\n    formId: \"842075d2-7f66-41e1-81cd-7fcf93e418bc\"\n  });\n<\/script><\/div><\/div><\/div><\/div><\/div>\n","protected":false},"excerpt":{"rendered":"<p>Erleben Sie das Charity Lustrum Gala der Prinses M\u00e1xima Foundation in der Beurs van Berlage. Mit K\u00f6nigin M\u00e1xima wurden 4,5 Mio. \u20ac f\u00fcr Kinderkrebs gesammelt<\/p>\n","protected":false},"author":2,"featured_media":8850,"comment_status":"open","ping_status":"closed","template":"","class_list":["post-8845","showcase","type-showcase","status-publish","has-post-thumbnail","hentry"],"_links":{"self":[{"href":"https:\/\/beursvanberlage.com\/de\/wp-json\/wp\/v2\/showcases\/8845","targetHints":{"allow":["GET"]}}],"collection":[{"href":"https:\/\/beursvanberlage.com\/de\/wp-json\/wp\/v2\/showcases"}],"about":[{"href":"https:\/\/beursvanberlage.com\/de\/wp-json\/wp\/v2\/types\/showcase"}],"author":[{"embeddable":true,"href":"https:\/\/beursvanberlage.com\/de\/wp-json\/wp\/v2\/users\/2"}],"replies":[{"embeddable":true,"href":"https:\/\/beursvanberlage.com\/de\/wp-json\/wp\/v2\/comments?post=8845"}],"wp:featuredmedia":[{"embeddable":true,"href":"https:\/\/beursvanberlage.com\/de\/wp-json\/wp\/v2\/media\/8850"}],"wp:attachment":[{"href":"https:\/\/beursvanberlage.com\/de\/wp-json\/wp\/v2\/media?parent=8845"}],"curies":[{"name":"wp","href":"https:\/\/api.w.org\/{rel}","templated":true}]}}

<div class="wp-block-endeavour-wp-blocks-banner-w-content-card wp-block-endeavour-wp-blocks-banner-w-content-card">
    <div class="banner-w-content-card__outer-wrapper">
        <div class="banner-w-content-card__image-wrapper">
                            <img decoding="async" class="banner-w-content-card__image" src="https://beursvanberlage.com/app/uploads/2024/10/181PrinsesMaximaGaladiner280923.jpg" alt="Banner Image" />
                    </div>

        <div class="banner-w-content-card__content-wrapper">
            <div class="content-wrapper">
                <div class="banner-w-content-card__text-wrapper">
                                            <div class="banner-w-content-card__breadcrumbs">
                                                                                            <a
                                        href="https://beursvanberlage.com/de/veranstalten/showcases/"
                                        class="banner-w-content-card__breadcrumb-link ">
                                    Showcases                                </a>
                                                                    <span class="banner-w-content-card__breadcrumb-separator"> / </span>
                                                                                                                            <a
                                        href="#"
                                        class="banner-w-content-card__breadcrumb-link banner-w-content-card__breadcrumb-link--active">
                                    Charity gala Princes Maxima Centrum                                </a>
                                                                                    </div>
                    
                                            <h1 class="banner-w-content-card__title">
                            CHARITY LUSTRUM GALA                        </h1>
                    
                                            <p class="banner-w-content-card__description">
                            Das Charity Lustrum Gala der Prinses Máxima Foundation in der Beurs van Berlage, besucht von Königin Máxima, sammelte über 4.523.645 € für Projekte rund um Kinderkrebs.                        </p>
                                    </div>
            </div>
        </div>
    </div>
</div>



<div class="wp-block-endeavour-wp-blocks-custom-spacer custom-spacer    "><div style="height:1rem" class="custom-spacer__mobile"></div><div style="height:3rem" class="custom-spacer__desktop"></div></div>



<section class="wp-block-endeavour-wp-blocks-content-container content-container    "><div class="wp-block-endeavour-wp-blocks-content-container content-container__inner content-container__inner--full    ">
<div class="wp-block-endeavour-wp-blocks-image-w-text-cta    "><div class="image-w-text-cta__outer-wrapper"><div class="content-wrapper"><div class="image-w-text-cta__inner-wrapper"><div class="image-w-text-cta__content-wrapper"><h4 class="image-w-text-cta__title">Ein unvergessliches Charity Lustrum Gala</h4><div class="image-w-text-cta__text">Am Donnerstag, den 28. September, fand das fünfjährige <a href="https://www.koninklijkhuis.nl/actueel/nieuws/2023/09/28/koningin-maxima-bij-lustrumbenefietgala-prinses-maxima-centrum-voor-kinderoncologie" target="_blank" rel="noopener">Jubiläumsgala der Prinses Máxima Foundation</a> in der Beurs van Berlage statt, eine Abendveranstaltung, an der Königin Máxima teilnahm und die von Chantal Janzen moderiert wurde. Der Abend stand im Zeichen der beeindruckenden Meilensteine des Máxima-Zentrums und der gemeinsamen Mission, jedes krebskranke Kind zu heilen und dabei die bestmögliche Lebensqualität zu gewährleisten. Mehr als 60 Mitarbeiter des Zentrums halfen freiwillig, um den Abend zum Erfolg zu machen. Das Publikum erlebte Auftritte von Künstlern wie Maan, Anita Meyer, den DJs Sunnery James &amp; Ryan Marciano und vielen anderen. Ein besonderer Moment war die Geschichte des Überlebenden Mick Krouwels, der seine inspirierende Reise mit den Anwesenden teilte.</div><div class="wp-block-endeavour-wp-blocks-image-w-text-cta    "></div></div><div class="image-w-text-cta__image-wrapper"><img decoding="async" class="image-w-text-cta__image" src="https://beursvanberlage.com/app/uploads/2024/10/629PrinsesMaximaGaladiner280923.jpg" alt="Uploaded Media" loading="lazy"/></div></div></div></div></div>
</div></section>



<div class="wp-block-endeavour-wp-blocks-custom-spacer custom-spacer    "><div style="height:1rem" class="custom-spacer__mobile"></div><div style="height:3rem" class="custom-spacer__desktop"></div></div>



<div class="wp-block-endeavour-wp-blocks-banner-three-media    "><div class="banner-w-medias__wrapper"><div class="banner-w-medias__top-wrapper"><div class="banner-w-medias__media-wrapper banner-w-medias__media-wrapper--first-media"><img decoding="async" class="banner-w-medias__first-media" src="https://beursvanberlage.com/app/uploads/2024/10/215PrinsesMaximaGaladiner280923.jpg" alt="Uploaded Media 1"/></div></div><div class="banner-w-medias__bottom-wrapper"><div class="banner-w-medias__media-wrapper banner-w-medias__media-wrapper--second-media"><img decoding="async" class="banner-w-medias__second-media" src="https://beursvanberlage.com/app/uploads/2024/10/282PrinsesMaximaGaladiner280923.jpg" alt="Uploaded Media 2"/></div><div class="banner-w-medias__media-wrapper banner-w-medias__media-wrapper--third-media"><img decoding="async" class="banner-w-medias__third-media" src="https://beursvanberlage.com/app/uploads/2024/10/260PrinsesMaximaGaladiner280923.jpg" alt="Uploaded Media 3"/></div></div></div></div>



<div class="wp-block-endeavour-wp-blocks-custom-spacer custom-spacer    "><div style="height:1rem" class="custom-spacer__mobile"></div><div style="height:3rem" class="custom-spacer__desktop"></div></div>



<section class="wp-block-endeavour-wp-blocks-content-container content-container    "><div class="wp-block-endeavour-wp-blocks-content-container content-container__inner content-container__inner--medium    ">
<h4 class="wp-block-heading    ">Unser gesellschaftliches Engagement</h4>



<p class="undefined    ">Der Abend war nicht nur voller emotionaler Höhepunkte, sondern leistete auch einen beeindruckenden Beitrag für einen guten Zweck. Dank des Einsatzes aller Beteiligten wurde ein Betrag von 4.523.645 € gesammelt, der Projekten zur Talentförderung und Immuntherapie zugutekommt. Die Beurs van Berlage ist zusammen mit ihren Partnern Faber, Ampco Flashlight Rental, Maison van den Boer, Héman Horecaverhuur und ISG Security Nederland stolz darauf, eine bedeutende Rolle bei diesem unvergesslichen Ereignis gespielt zu haben, das auf bemerkenswerte Weise die Kraft von Zusammenarbeit und Engagement unterstrich.</p>
</div></section>



<div class="wp-block-endeavour-wp-blocks-custom-spacer custom-spacer    "><div style="height:1rem" class="custom-spacer__mobile"></div><div style="height:3rem" class="custom-spacer__desktop"></div></div>



<section class="wp-block-endeavour-wp-blocks-content-container content-container    "><div class="wp-block-endeavour-wp-blocks-content-container content-container__inner content-container__inner--full    ">
<figure class="wp-block-embed is-type-video is-provider-vimeo wp-block-embed-vimeo wp-embed-aspect-16-9 wp-has-aspect-ratio    "><div class="wp-block-embed__wrapper">
<iframe loading="lazy" title="Aftermovie Charity Lustrum Gala Prinses Máxima Centrum, 28 september 2023, Beurs van Berlage, Amsterdam." src="https://player.vimeo.com/video/870396936?dnt=1&amp;app_id=122963" width="500" height="281" frameborder="0" allow="autoplay; fullscreen; picture-in-picture; clipboard-write; encrypted-media; web-share" referrerpolicy="strict-origin-when-cross-origin"></iframe>
</div></figure>
</div></section>



<div class="wp-block-endeavour-wp-blocks-contact-form     contact-form"><div class="contact-form__outer-wrapper "><div class="content-wrapper"><div class="contact-form__inner-wrapper"><div class="contact-form__content-wrapper"><div class="contact-form__text-wrapper"><h4 class="contact-form__title">Want to organise a similar event?</h4><p class="contact-form__description">Fill in your details, and we’ll get in touch as soon as possible to explain how we can make it happen. <br><br>Please note that, due to the scale and nature of our venue, we only process event enquiries for <strong>groups of 200 guests</strong> or more.<br><br><strong>Prefer direct contact? </strong><br>Call us at <a href="tel:+31205313355">+31 (0)20 531 33 55</a> or email us at <a>events@beursvanberlage.com</a>. <br><br>We’d love to hear how we can assist you!</p></div></div><div class="contact-form__form-wrapper"><script charset="utf-8" type="text/javascript" src="//js.hsforms.net/forms/embed/v2.js"></script>
<script>
  hbspt.forms.create({
    portalId: "5233325",
    formId: "842075d2-7f66-41e1-81cd-7fcf93e418bc"
  });
</script></div></div></div></div></div>

<p>Erleben Sie das Charity Lustrum Gala der Prinses Máxima Foundation in der Beurs van Berlage. Mit Königin Máxima wurden 4,5 Mio. € für Kinderkrebs gesammelt</p>
