{"id":8841,"date":"2023-10-11T10:48:00","date_gmt":"2023-10-11T10:48:00","guid":{"rendered":"https:\/\/beursvanberlage.com\/?post_type=showcase&#038;p=8841"},"modified":"2025-09-22T14:50:51","modified_gmt":"2025-09-22T14:50:51","slug":"dpw-conference-2023","status":"publish","type":"showcase","link":"https:\/\/beursvanberlage.com\/de\/showcases\/dpw-conference-2023\/","title":{"rendered":"DPW Conference 2023"},"content":{"rendered":"<div class=\"wp-block-endeavour-wp-blocks-banner-w-content-card wp-block-endeavour-wp-blocks-banner-w-content-card\">\n    <div class=\"banner-w-content-card__outer-wrapper\">\n        <div class=\"banner-w-content-card__image-wrapper\">\n                            <img decoding=\"async\" class=\"banner-w-content-card__image\" src=\"https:\/\/beursvanberlage.com\/app\/uploads\/2024\/09\/20231011_DPW23_Day1_EwaldGeerdink_26.jpg\" alt=\"Banner Image\" \/>\n                    <\/div>\n\n        <div class=\"banner-w-content-card__content-wrapper\">\n            <div class=\"content-wrapper\">\n                <div class=\"banner-w-content-card__text-wrapper\">\n                                            <div class=\"banner-w-content-card__breadcrumbs\">\n                                                                                            <a\n                                        href=\"https:\/\/beursvanberlage.com\/de\/veranstalten\/showcases\/\"\n                                        class=\"banner-w-content-card__breadcrumb-link \">\n                                    Showcases                                <\/a>\n                                                                    <span class=\"banner-w-content-card__breadcrumb-separator\"> \/ <\/span>\n                                                                                                                            <a\n                                        href=\"#\"\n                                        class=\"banner-w-content-card__breadcrumb-link banner-w-content-card__breadcrumb-link--active\">\n                                    DPW Conference 2023                                <\/a>\n                                                                                    <\/div>\n                    \n                                            <h1 class=\"banner-w-content-card__title\">\n                            DPW CONFERENCE 2023                        <\/h1>\n                    \n                                            <p class=\"banner-w-content-card__description\">\n                            \u00dcber 5.000 Fachleute versammelten sich bei der DPWConference 2023 in der Beurs van Berlage, um die Zukunft des digitalen Einkaufs zu entdecken. Sehen Sie sich die Aftermovie mit den Highlights an.                        <\/p>\n                                    <\/div>\n            <\/div>\n        <\/div>\n    <\/div>\n<\/div>\n\n\n\n<div class=\"wp-block-endeavour-wp-blocks-custom-spacer custom-spacer    \"><div style=\"height:1rem\" class=\"custom-spacer__mobile\"><\/div><div style=\"height:3rem\" class=\"custom-spacer__desktop\"><\/div><\/div>\n\n\n\n<section class=\"wp-block-endeavour-wp-blocks-content-container content-container    \"><div class=\"wp-block-endeavour-wp-blocks-content-container content-container__inner content-container__inner--full    \">\n<div class=\"wp-block-endeavour-wp-blocks-image-w-text-cta    \"><div class=\"image-w-text-cta__outer-wrapper\"><div class=\"content-wrapper\"><div class=\"image-w-text-cta__inner-wrapper\"><div class=\"image-w-text-cta__content-wrapper\"><h4 class=\"image-w-text-cta__title\">DPW Conference 2023: Die Zukunft von ProcureTech in der Beurs van Berlage<\/h4><div class=\"image-w-text-cta__text\">Am 11. und 12. Oktober 2023 kamen mehr als 5.000 Fachleute in der Beurs van Berlage zur <a href=\"https:\/\/dpw.ai\/\" target=\"_blank\" rel=\"noopener\">DPW<\/a> Conference zusammen, bei der Marktf\u00fchrer und Experten im digitalen Einkauf die neuesten Trends und Technologien pr\u00e4sentierten. Von Big Data &amp; Analytics bis zu Robotics &amp; AI \u2013 die Teilnehmer wurden von f\u00fchrenden Stimmen aus der Einkaufswelt, der Technologiebranche und der Wissenschaft inspiriert. Die Veranstaltung bot tiefgehende Einblicke in Themen wie IoT, Blockchain und Supplier Innovation. Erleben Sie die Highlights der DPW Amsterdam 2023 mit der offiziellen Aftermovie und lassen Sie sich von der ProcureTech der Zukunft inspirieren.<\/div><div class=\"wp-block-endeavour-wp-blocks-image-w-text-cta    \"><\/div><\/div><div class=\"image-w-text-cta__image-wrapper\"><img decoding=\"async\" class=\"image-w-text-cta__image\" src=\"https:\/\/beursvanberlage.com\/app\/uploads\/2024\/09\/20231011_DPW23_Day1_EwaldGeerdink_77.jpg\" alt=\"Uploaded Media\" loading=\"lazy\"\/><\/div><\/div><\/div><\/div><\/div>\n<\/div><\/section>\n\n\n\n<div class=\"wp-block-endeavour-wp-blocks-custom-spacer custom-spacer    \"><div style=\"height:1rem\" class=\"custom-spacer__mobile\"><\/div><div style=\"height:3rem\" class=\"custom-spacer__desktop\"><\/div><\/div>\n\n\n\n<section class=\"wp-block-endeavour-wp-blocks-content-container content-container    \"><div class=\"wp-block-endeavour-wp-blocks-content-container content-container__inner content-container__inner--full    \">\n<div class=\"wp-block-endeavour-wp-blocks-banner-three-media    \"><div class=\"banner-w-medias__wrapper\"><div class=\"banner-w-medias__top-wrapper\"><div class=\"banner-w-medias__media-wrapper banner-w-medias__media-wrapper--first-media\"><img decoding=\"async\" class=\"banner-w-medias__first-media\" src=\"https:\/\/beursvanberlage.com\/app\/uploads\/2024\/09\/20231012_DPW23_Day2_EwaldGeerdink_150.jpg\" alt=\"Uploaded Media 1\"\/><\/div><\/div><div class=\"banner-w-medias__bottom-wrapper\"><div class=\"banner-w-medias__media-wrapper banner-w-medias__media-wrapper--second-media\"><img decoding=\"async\" class=\"banner-w-medias__second-media\" src=\"https:\/\/beursvanberlage.com\/app\/uploads\/2024\/09\/20231011_DPW23_Day1_EwaldGeerdink_44-2.jpg\" alt=\"Uploaded Media 2\"\/><\/div><div class=\"banner-w-medias__media-wrapper banner-w-medias__media-wrapper--third-media\"><img decoding=\"async\" class=\"banner-w-medias__third-media\" src=\"https:\/\/beursvanberlage.com\/app\/uploads\/2024\/09\/20231011_DPW23_Day1_EwaldGeerdink_133.jpg\" alt=\"Uploaded Media 3\"\/><\/div><\/div><\/div><\/div>\n<\/div><\/section>\n\n\n\n<div class=\"wp-block-endeavour-wp-blocks-custom-spacer custom-spacer    \"><div style=\"height:1rem\" class=\"custom-spacer__mobile\"><\/div><div style=\"height:3rem\" class=\"custom-spacer__desktop\"><\/div><\/div>\n\n\n\n<section class=\"wp-block-endeavour-wp-blocks-content-container content-container    \"><div class=\"wp-block-endeavour-wp-blocks-content-container content-container__inner content-container__inner--full    \">\n<figure class=\"wp-block-embed is-type-video is-provider-youtube wp-block-embed-youtube wp-embed-aspect-16-9 wp-has-aspect-ratio    \"><div class=\"wp-block-embed__wrapper\">\n<iframe loading=\"lazy\" title=\"DPW Amsterdam 2023: The Best Moments and More!\" width=\"500\" height=\"281\" src=\"https:\/\/www.youtube.com\/embed\/rojhz2-aJqs?feature=oembed&#038;enablejsapi=1&#038;origin=https:\/\/beursvanberlage.com\" frameborder=\"0\" allow=\"accelerometer; autoplay; clipboard-write; encrypted-media; gyroscope; picture-in-picture; web-share\" referrerpolicy=\"strict-origin-when-cross-origin\" allowfullscreen><\/iframe>\n<\/div><\/figure>\n<\/div><\/section>\n\n\n\n<div class=\"wp-block-endeavour-wp-blocks-contact-form     contact-form\"><div class=\"contact-form__outer-wrapper \"><div class=\"content-wrapper\"><div class=\"contact-form__inner-wrapper\"><div class=\"contact-form__content-wrapper\"><div class=\"contact-form__text-wrapper\"><h4 class=\"contact-form__title\">M\u00f6chten Sie ein \u00e4hnliches Event organisieren?<\/h4><p class=\"contact-form__description\">F\u00fcllen Sie Ihre Daten aus, und wir melden uns so schnell wie m\u00f6glich, um Ihnen zu erkl\u00e4ren, wie wir dies m\u00f6glich machen k\u00f6nnen. <br><br>Bitte beachten Sie, dass wir aufgrund der Gr\u00f6\u00dfe und des Charakters unserer Location ausschlie\u00dflich Anfragen f\u00fcr Gruppen <strong>ab 200 G\u00e4sten<\/strong> bearbeiten.<br><br><strong>M\u00f6chten Sie direkt Kontakt aufnehmen? <\/strong><br>Rufen Sie uns an unter <a href=\"tel:+31205313355\">+31 (0)20 531 33 55<\/a> oder schreiben Sie eine E-Mail an <a>events@beursvanberlage.com<\/a>. <br><br>Wir freuen uns darauf, Ihnen zu helfen!<\/p><\/div><\/div><div class=\"contact-form__form-wrapper\"><script charset=\"utf-8\" type=\"text\/javascript\" src=\"\/\/js.hsforms.net\/forms\/embed\/v2.js\"><\/script>\n<script>\n  hbspt.forms.create({\n    portalId: \"5233325\",\n    formId: \"8aa3c8b4-a538-4516-a1f5-915aae598d67\"\n  });\n<\/script><\/div><\/div><\/div><\/div><\/div>\n","protected":false},"excerpt":{"rendered":"<p>Entdecken Sie die Zukunft des digitalen Einkaufs bei der DPW Conference 2023 in der Beurs van Berlage. Aftermovie mit Highlights ansehen<\/p>\n","protected":false},"author":2,"featured_media":8842,"comment_status":"open","ping_status":"closed","template":"","class_list":["post-8841","showcase","type-showcase","status-publish","has-post-thumbnail","hentry"],"_links":{"self":[{"href":"https:\/\/beursvanberlage.com\/de\/wp-json\/wp\/v2\/showcases\/8841","targetHints":{"allow":["GET"]}}],"collection":[{"href":"https:\/\/beursvanberlage.com\/de\/wp-json\/wp\/v2\/showcases"}],"about":[{"href":"https:\/\/beursvanberlage.com\/de\/wp-json\/wp\/v2\/types\/showcase"}],"author":[{"embeddable":true,"href":"https:\/\/beursvanberlage.com\/de\/wp-json\/wp\/v2\/users\/2"}],"replies":[{"embeddable":true,"href":"https:\/\/beursvanberlage.com\/de\/wp-json\/wp\/v2\/comments?post=8841"}],"wp:featuredmedia":[{"embeddable":true,"href":"https:\/\/beursvanberlage.com\/de\/wp-json\/wp\/v2\/media\/8842"}],"wp:attachment":[{"href":"https:\/\/beursvanberlage.com\/de\/wp-json\/wp\/v2\/media?parent=8841"}],"curies":[{"name":"wp","href":"https:\/\/api.w.org\/{rel}","templated":true}]}}

<div class="wp-block-endeavour-wp-blocks-banner-w-content-card wp-block-endeavour-wp-blocks-banner-w-content-card">
    <div class="banner-w-content-card__outer-wrapper">
        <div class="banner-w-content-card__image-wrapper">
                            <img decoding="async" class="banner-w-content-card__image" src="https://beursvanberlage.com/app/uploads/2024/09/20231011_DPW23_Day1_EwaldGeerdink_26.jpg" alt="Banner Image" />
                    </div>

        <div class="banner-w-content-card__content-wrapper">
            <div class="content-wrapper">
                <div class="banner-w-content-card__text-wrapper">
                                            <div class="banner-w-content-card__breadcrumbs">
                                                                                            <a
                                        href="https://beursvanberlage.com/de/veranstalten/showcases/"
                                        class="banner-w-content-card__breadcrumb-link ">
                                    Showcases                                </a>
                                                                    <span class="banner-w-content-card__breadcrumb-separator"> / </span>
                                                                                                                            <a
                                        href="#"
                                        class="banner-w-content-card__breadcrumb-link banner-w-content-card__breadcrumb-link--active">
                                    DPW Conference 2023                                </a>
                                                                                    </div>
                    
                                            <h1 class="banner-w-content-card__title">
                            DPW CONFERENCE 2023                        </h1>
                    
                                            <p class="banner-w-content-card__description">
                            Über 5.000 Fachleute versammelten sich bei der DPWConference 2023 in der Beurs van Berlage, um die Zukunft des digitalen Einkaufs zu entdecken. Sehen Sie sich die Aftermovie mit den Highlights an.                        </p>
                                    </div>
            </div>
        </div>
    </div>
</div>



<div class="wp-block-endeavour-wp-blocks-custom-spacer custom-spacer    "><div style="height:1rem" class="custom-spacer__mobile"></div><div style="height:3rem" class="custom-spacer__desktop"></div></div>



<section class="wp-block-endeavour-wp-blocks-content-container content-container    "><div class="wp-block-endeavour-wp-blocks-content-container content-container__inner content-container__inner--full    ">
<div class="wp-block-endeavour-wp-blocks-image-w-text-cta    "><div class="image-w-text-cta__outer-wrapper"><div class="content-wrapper"><div class="image-w-text-cta__inner-wrapper"><div class="image-w-text-cta__content-wrapper"><h4 class="image-w-text-cta__title">DPW Conference 2023: Die Zukunft von ProcureTech in der Beurs van Berlage</h4><div class="image-w-text-cta__text">Am 11. und 12. Oktober 2023 kamen mehr als 5.000 Fachleute in der Beurs van Berlage zur <a href="https://dpw.ai/" target="_blank" rel="noopener">DPW</a> Conference zusammen, bei der Marktführer und Experten im digitalen Einkauf die neuesten Trends und Technologien präsentierten. Von Big Data &amp; Analytics bis zu Robotics &amp; AI – die Teilnehmer wurden von führenden Stimmen aus der Einkaufswelt, der Technologiebranche und der Wissenschaft inspiriert. Die Veranstaltung bot tiefgehende Einblicke in Themen wie IoT, Blockchain und Supplier Innovation. Erleben Sie die Highlights der DPW Amsterdam 2023 mit der offiziellen Aftermovie und lassen Sie sich von der ProcureTech der Zukunft inspirieren.</div><div class="wp-block-endeavour-wp-blocks-image-w-text-cta    "></div></div><div class="image-w-text-cta__image-wrapper"><img decoding="async" class="image-w-text-cta__image" src="https://beursvanberlage.com/app/uploads/2024/09/20231011_DPW23_Day1_EwaldGeerdink_77.jpg" alt="Uploaded Media" loading="lazy"/></div></div></div></div></div>
</div></section>



<div class="wp-block-endeavour-wp-blocks-custom-spacer custom-spacer    "><div style="height:1rem" class="custom-spacer__mobile"></div><div style="height:3rem" class="custom-spacer__desktop"></div></div>



<section class="wp-block-endeavour-wp-blocks-content-container content-container    "><div class="wp-block-endeavour-wp-blocks-content-container content-container__inner content-container__inner--full    ">
<div class="wp-block-endeavour-wp-blocks-banner-three-media    "><div class="banner-w-medias__wrapper"><div class="banner-w-medias__top-wrapper"><div class="banner-w-medias__media-wrapper banner-w-medias__media-wrapper--first-media"><img decoding="async" class="banner-w-medias__first-media" src="https://beursvanberlage.com/app/uploads/2024/09/20231012_DPW23_Day2_EwaldGeerdink_150.jpg" alt="Uploaded Media 1"/></div></div><div class="banner-w-medias__bottom-wrapper"><div class="banner-w-medias__media-wrapper banner-w-medias__media-wrapper--second-media"><img decoding="async" class="banner-w-medias__second-media" src="https://beursvanberlage.com/app/uploads/2024/09/20231011_DPW23_Day1_EwaldGeerdink_44-2.jpg" alt="Uploaded Media 2"/></div><div class="banner-w-medias__media-wrapper banner-w-medias__media-wrapper--third-media"><img decoding="async" class="banner-w-medias__third-media" src="https://beursvanberlage.com/app/uploads/2024/09/20231011_DPW23_Day1_EwaldGeerdink_133.jpg" alt="Uploaded Media 3"/></div></div></div></div>
</div></section>



<div class="wp-block-endeavour-wp-blocks-custom-spacer custom-spacer    "><div style="height:1rem" class="custom-spacer__mobile"></div><div style="height:3rem" class="custom-spacer__desktop"></div></div>



<section class="wp-block-endeavour-wp-blocks-content-container content-container    "><div class="wp-block-endeavour-wp-blocks-content-container content-container__inner content-container__inner--full    ">
<figure class="wp-block-embed is-type-video is-provider-youtube wp-block-embed-youtube wp-embed-aspect-16-9 wp-has-aspect-ratio    "><div class="wp-block-embed__wrapper">
<iframe loading="lazy" title="DPW Amsterdam 2023: The Best Moments and More!" width="500" height="281" src="https://www.youtube.com/embed/rojhz2-aJqs?feature=oembed&#038;enablejsapi=1&#038;origin=https://beursvanberlage.com" frameborder="0" allow="accelerometer; autoplay; clipboard-write; encrypted-media; gyroscope; picture-in-picture; web-share" referrerpolicy="strict-origin-when-cross-origin" allowfullscreen></iframe>
</div></figure>
</div></section>



<div class="wp-block-endeavour-wp-blocks-contact-form     contact-form"><div class="contact-form__outer-wrapper "><div class="content-wrapper"><div class="contact-form__inner-wrapper"><div class="contact-form__content-wrapper"><div class="contact-form__text-wrapper"><h4 class="contact-form__title">Möchten Sie ein ähnliches Event organisieren?</h4><p class="contact-form__description">Füllen Sie Ihre Daten aus, und wir melden uns so schnell wie möglich, um Ihnen zu erklären, wie wir dies möglich machen können. <br><br>Bitte beachten Sie, dass wir aufgrund der Größe und des Charakters unserer Location ausschließlich Anfragen für Gruppen <strong>ab 200 Gästen</strong> bearbeiten.<br><br><strong>Möchten Sie direkt Kontakt aufnehmen? </strong><br>Rufen Sie uns an unter <a href="tel:+31205313355">+31 (0)20 531 33 55</a> oder schreiben Sie eine E-Mail an <a>events@beursvanberlage.com</a>. <br><br>Wir freuen uns darauf, Ihnen zu helfen!</p></div></div><div class="contact-form__form-wrapper"><script charset="utf-8" type="text/javascript" src="//js.hsforms.net/forms/embed/v2.js"></script>
<script>
  hbspt.forms.create({
    portalId: "5233325",
    formId: "8aa3c8b4-a538-4516-a1f5-915aae598d67"
  });
</script></div></div></div></div></div>
