{"id":10968,"date":"2025-03-26T15:15:21","date_gmt":"2025-03-26T15:15:21","guid":{"rendered":"https:\/\/beursvanberlage.com\/?post_type=events&#038;p=10968"},"modified":"2026-02-25T12:23:34","modified_gmt":"2026-02-25T12:23:34","slug":"sustainable-aviation-futures-congress","status":"publish","type":"events","link":"https:\/\/beursvanberlage.com\/de\/events\/sustainable-aviation-futures-congress\/","title":{"rendered":"Sustainable Aviation Futures Congress"},"content":{"rendered":"<div class=\"wp-block-endeavour-wp-blocks-banner-w-content-card wp-block-endeavour-wp-blocks-banner-w-content-card\">\n    <div class=\"banner-w-content-card__outer-wrapper\">\n        <div class=\"banner-w-content-card__image-wrapper\">\n                            <img decoding=\"async\" class=\"banner-w-content-card__image\" src=\"https:\/\/beursvanberlage.com\/app\/uploads\/2025\/03\/SAF-congress.jpeg\" alt=\"Banner Image\" \/>\n                    <\/div>\n\n        <div class=\"banner-w-content-card__content-wrapper\">\n            <div class=\"content-wrapper\">\n                <div class=\"banner-w-content-card__text-wrapper\">\n                                            <div class=\"banner-w-content-card__breadcrumbs\">\n                                                                                            <a\n                                        href=\"https:\/\/beursvanberlage.com\/de\/kalender\/\"\n                                        class=\"banner-w-content-card__breadcrumb-link \">\n                                    Kalender                                <\/a>\n                                                                    <span class=\"banner-w-content-card__breadcrumb-separator\"> \/ <\/span>\n                                                                                                                            <a\n                                        href=\"#\"\n                                        class=\"banner-w-content-card__breadcrumb-link banner-w-content-card__breadcrumb-link--active\">\n                                    Sustainable Aviation Futures Congress                                <\/a>\n                                                                                    <\/div>\n                    \n                                            <h1 class=\"banner-w-content-card__title\">\n                            SAF Congress                        <\/h1>\n                    \n                                    <\/div>\n            <\/div>\n        <\/div>\n    <\/div>\n<\/div>\n\n\n\n<div class=\"wp-block-endeavour-wp-blocks-custom-spacer custom-spacer    \"><div style=\"height:1rem\" class=\"custom-spacer__mobile\"><\/div><div style=\"height:3rem\" class=\"custom-spacer__desktop\"><\/div><\/div>\n\n\n\n<section class=\"wp-block-endeavour-wp-blocks-content-container content-container    \"><div class=\"wp-block-endeavour-wp-blocks-content-container content-container__inner content-container__inner--medium    \">\n<div class=\"wp-block-endeavour-wp-blocks-image-w-text-cta    \"><div class=\"image-w-text-cta__outer-wrapper\"><div class=\"content-wrapper\"><div class=\"image-w-text-cta__inner-wrapper\"><div class=\"image-w-text-cta__content-wrapper\"><h4 class=\"image-w-text-cta__title\">\u00fcber den Kongress f\u00fcr die Zukunft der nachhaltigen Luftfart<\/h4><div class=\"image-w-text-cta__text\">Vom 15.\u201317. Juni 2026 veranstaltet die Beurs van Berlage das weltweit gr\u00f6\u00dfte SAF- &amp; Aviation-Dekarbonisierungs-Event im Herzen von Amsterdam. Mit \u00fcber 1.000 Teilnehmern, 250+ Speakern, 50 globalen Partnern und 10 Themen-Streams bringt die Veranstaltung die internationale Luftfahrt- und Sustainable-Fuel-Community zusammen.<br><br>An drei Tagen kommen hochrangige Entscheidungstr\u00e4ger und Experten aus mehr als 60 L\u00e4ndern zusammen, um die Zukunft der nachhaltigen Luftfahrt zu diskutieren, die Einf\u00fchrung von SAF voranzutreiben und Strategien f\u00fcr eine dekarbonisierte Luftfahrt zu gestalten.<\/div><div class=\"wp-block-endeavour-wp-blocks-image-w-text-cta    \">\n<div class=\"wp-block-endeavour-wp-blocks-buttons-wrapper    \"><div class=\"wp-block-endeavour-wp-blocks-buttons-wrapper     buttons-wrapper__wrapper\">\n<div class=\"wp-block-endeavour-wp-blocks-main-button     main-button\"><a class=\"main-button__wrapper main-button__wrapper--is-primary\" href=\"https:\/\/www.safcongress.com\/\" target=\"_blank\" rel=\"noopener\">Mehr Informationen<\/a><\/div>\n<\/div><\/div>\n<\/div><\/div><div class=\"image-w-text-cta__image-wrapper\"><img decoding=\"async\" class=\"image-w-text-cta__image\" src=\"https:\/\/beursvanberlage.com\/app\/uploads\/2025\/03\/SAFEUFloorplan.webp\" alt=\"Uploaded Media\" loading=\"lazy\"\/><\/div><\/div><\/div><\/div><\/div>\n<\/div><\/section>\n\n\n\n<div class=\"wp-block-endeavour-wp-blocks-custom-spacer custom-spacer    \"><div style=\"height:1rem\" class=\"custom-spacer__mobile\"><\/div><div style=\"height:3rem\" class=\"custom-spacer__desktop\"><\/div><\/div>\n\n\n\n<section class=\"wp-block-endeavour-wp-blocks-content-container content-container    \"><div class=\"wp-block-endeavour-wp-blocks-content-container content-container__inner content-container__inner--medium    \"><section class=\"usps-card-list  wp-block-endeavour-wp-blocks-usps-card-list usps-card-list wp-block-endeavour-wp-blocks-usps-card-list\">\n            <ul class=\"usps-card-list__cards\">\n            \n\n<li class=\"wp-block-endeavour-wp-blocks-usps-card-item usps-card-item usps-card-list__card-item    \"><a class=\"usps-card-item__link \" href=\"https:\/\/www.safcongress.com\/\" target=\"_blank\" rel=\"noopener\"><h3 class=\"usps-card-item__title\"><\/h3><div class=\"usps-card-item__content-wrapper\"><p class=\"usps-card-item__content\">Mehr Informationen<\/p><svg class=\"usps-card-item__icon\" viewBox=\"0 0 512 512\"><path d=\"M502.6 278.6c12.5-12.5 12.5-32.8 0-45.3l-128-128c-12.5-12.5-32.8-12.5-45.3 0s-12.5 32.8 0 45.3L402.7 224 32 224c-17.7 0-32 14.3-32 32s14.3 32 32 32l370.7 0-73.4 73.4c-12.5 12.5-12.5 32.8 0 45.3s32.8 12.5 45.3 0l128-128z\"><\/path><\/svg><\/div><\/a><\/li>\n\n\n\n<li class=\"wp-block-endeavour-wp-blocks-usps-card-item usps-card-item usps-card-list__card-item    \"><a class=\"usps-card-item__link \" href=\"https:\/\/beursvanberlage.b-com.hosting\/EventPortal\/Information\/SAFEU2025\/HOTEL.aspx\" target=\"_blank\" rel=\"noopener\"><h3 class=\"usps-card-item__title\"><\/h3><div class=\"usps-card-item__content-wrapper\"><p class=\"usps-card-item__content\">Buchen Sie Ihr Hotelzimmer<\/p><svg class=\"usps-card-item__icon\" viewBox=\"0 0 512 512\"><path d=\"M502.6 278.6c12.5-12.5 12.5-32.8 0-45.3l-128-128c-12.5-12.5-32.8-12.5-45.3 0s-12.5 32.8 0 45.3L402.7 224 32 224c-17.7 0-32 14.3-32 32s14.3 32 32 32l370.7 0-73.4 73.4c-12.5 12.5-12.5 32.8 0 45.3s32.8 12.5 45.3 0l128-128z\"><\/path><\/svg><\/div><\/a><\/li>\n\n\n\n<li class=\"wp-block-endeavour-wp-blocks-usps-card-item usps-card-item usps-card-list__card-item    \"><a class=\"usps-card-item__link \" href=\"https:\/\/beursvanberlage.com\/de\/veranstalten\/amsterdam\/\" target=\"_self\" rel=\"noopener\"><h3 class=\"usps-card-item__title\"><\/h3><div class=\"usps-card-item__content-wrapper\"><p class=\"usps-card-item__content\">Entdecken Sie Amsterdam<\/p><svg class=\"usps-card-item__icon\" viewBox=\"0 0 512 512\"><path d=\"M502.6 278.6c12.5-12.5 12.5-32.8 0-45.3l-128-128c-12.5-12.5-32.8-12.5-45.3 0s-12.5 32.8 0 45.3L402.7 224 32 224c-17.7 0-32 14.3-32 32s14.3 32 32 32l370.7 0-73.4 73.4c-12.5 12.5-12.5 32.8 0 45.3s32.8 12.5 45.3 0l128-128z\"><\/path><\/svg><\/div><\/a><\/li>\n\n\n\n<li class=\"wp-block-endeavour-wp-blocks-usps-card-item usps-card-item usps-card-list__card-item    \"><a class=\"usps-card-item__link \" href=\"https:\/\/beursvanberlage.com\/de\/kalender\/\" target=\"_self\" rel=\"noopener\"><h3 class=\"usps-card-item__title\"><\/h3><div class=\"usps-card-item__content-wrapper\"><p class=\"usps-card-item__content\">Kalender<\/p><svg class=\"usps-card-item__icon\" viewBox=\"0 0 512 512\"><path d=\"M502.6 278.6c12.5-12.5 12.5-32.8 0-45.3l-128-128c-12.5-12.5-32.8-12.5-45.3 0s-12.5 32.8 0 45.3L402.7 224 32 224c-17.7 0-32 14.3-32 32s14.3 32 32 32l370.7 0-73.4 73.4c-12.5 12.5-12.5 32.8 0 45.3s32.8 12.5 45.3 0l128-128z\"><\/path><\/svg><\/div><\/a><\/li>\n\n\n\n<li class=\"wp-block-endeavour-wp-blocks-usps-card-item usps-card-item usps-card-list__card-item    \"><a class=\"usps-card-item__link \" href=\"https:\/\/beursvanberlage.com\/de\/kontakt\/\" target=\"_self\" rel=\"noopener\"><h3 class=\"usps-card-item__title\"><\/h3><div class=\"usps-card-item__content-wrapper\"><p class=\"usps-card-item__content\">H\u00e4ufig gestellte Fragen<\/p><svg class=\"usps-card-item__icon\" viewBox=\"0 0 512 512\"><path d=\"M502.6 278.6c12.5-12.5 12.5-32.8 0-45.3l-128-128c-12.5-12.5-32.8-12.5-45.3 0s-12.5 32.8 0 45.3L402.7 224 32 224c-17.7 0-32 14.3-32 32s14.3 32 32 32l370.7 0-73.4 73.4c-12.5 12.5-12.5 32.8 0 45.3s32.8 12.5 45.3 0l128-128z\"><\/path><\/svg><\/div><\/a><\/li>\n\n\n\n<li class=\"wp-block-endeavour-wp-blocks-usps-card-item usps-card-item usps-card-list__card-item    \"><a class=\"usps-card-item__link \" href=\"https:\/\/beursvanberlage.com\/de\/ueber-die-beurs\/nachhaltigkeit\/\" target=\"_self\" rel=\"noopener\"><h3 class=\"usps-card-item__title\"><\/h3><div class=\"usps-card-item__content-wrapper\"><p class=\"usps-card-item__content\">Nachhaltigkeit<\/p><svg class=\"usps-card-item__icon\" viewBox=\"0 0 512 512\"><path d=\"M502.6 278.6c12.5-12.5 12.5-32.8 0-45.3l-128-128c-12.5-12.5-32.8-12.5-45.3 0s-12.5 32.8 0 45.3L402.7 224 32 224c-17.7 0-32 14.3-32 32s14.3 32 32 32l370.7 0-73.4 73.4c-12.5 12.5-12.5 32.8 0 45.3s32.8 12.5 45.3 0l128-128z\"><\/path><\/svg><\/div><\/a><\/li>\n\n        <\/ul>\n    \n    <\/section>\n<\/div><\/section>\n\n\n\n<div class=\"wp-block-endeavour-wp-blocks-custom-spacer custom-spacer    \"><div style=\"height:1rem\" class=\"custom-spacer__mobile\"><\/div><div style=\"height:3rem\" class=\"custom-spacer__desktop\"><\/div><\/div>\n\n\n\n<div class=\"wp-block-endeavour-wp-blocks-map-and-content map-section custom-small-content-wrapper   \"><div class=\"map-section__background-image-wrapper \"><img decoding=\"async\" src=\"https:\/\/beursvanberlage.com\/app\/uploads\/2024\/07\/TPT-HIGHLIGTS-DAY-2_47.jpg\" alt=\"\" class=\"map-section__background-image\"\/><\/div><div class=\"map-section__columns content-wrapper\"><div class=\"map-section__map-column \" data-attributes=\"{&quot;backgroundImage&quot;:&quot;https:\/\/beursvanberlage.com\/app\/uploads\/2024\/07\/TPT-HIGHLIGTS-DAY-2_47.jpg&quot;,&quot;markers&quot;:[{&quot;lat&quot;:52.375065367428626,&quot;lng&quot;:4.8961687088012695,&quot;markerIcon&quot;:&quot;https:\/\/beursvanberlage.com\/app\/uploads\/2024\/06\/BeursGold.png&quot;}],&quot;zoom&quot;:8,&quot;center&quot;:{&quot;lat&quot;:0,&quot;lng&quot;:0},&quot;isIframe&quot;:false,&quot;iframeCode&quot;:&quot;&quot;,&quot;smallContent&quot;:true}\"><\/div><div class=\"map-section__content-column\">\n<div style=\"height:32px\" aria-hidden=\"true\" class=\"wp-block-spacer    \"><\/div>\n\n\n\n<h4 class=\"wp-block-heading    \">Erreichbarkeit<\/h4>\n\n\n\n<div style=\"height:32px\" aria-hidden=\"true\" class=\"wp-block-spacer    \"><\/div>\n\n\n\n<h5 class=\"wp-block-heading    \">Besuchsadresse<\/h5>\n\n\n\n<p class=\"undefined    \">Damrak 243<\/p>\n\n\n\n<p class=\"undefined    \">1012 ZJ Amsterdam<\/p>\n\n\n\n<p class=\"undefined    \">Niederlande<\/p>\n\n\n\n<div style=\"height:32px\" aria-hidden=\"true\" class=\"wp-block-spacer    \"><\/div>\n\n\n\n<h5 class=\"wp-block-heading    \">Lieferadresse<\/h5>\n\n\n\n<p class=\"undefined    \">Beursstraat 6 expeditie<\/p>\n\n\n\n<p class=\"undefined    \">1012 JV Amsterdam<\/p>\n\n\n\n<p class=\"undefined    \">Niederlande<\/p>\n\n\n\n<div style=\"height:32px\" aria-hidden=\"true\" class=\"wp-block-spacer    \"><\/div>\n<\/div><\/div><\/div>\n","protected":false},"excerpt":{"rendered":"<p>Der gr\u00f6\u00dfte SAF &#038; Aviation Kongress kommt in die Beurs van Berlage \u2013 mit 1.000 Teilnehmenden und 200 Expert:innen aus der internationalen Luftfahrt- und Energiebranche.<\/p>\n","protected":false},"author":2,"featured_media":10972,"comment_status":"closed","ping_status":"closed","template":"","event-category":[68],"class_list":["post-10968","events","type-events","status-publish","has-post-thumbnail","hentry","event-category-konferenz"],"_links":{"self":[{"href":"https:\/\/beursvanberlage.com\/de\/wp-json\/wp\/v2\/events\/10968","targetHints":{"allow":["GET"]}}],"collection":[{"href":"https:\/\/beursvanberlage.com\/de\/wp-json\/wp\/v2\/events"}],"about":[{"href":"https:\/\/beursvanberlage.com\/de\/wp-json\/wp\/v2\/types\/events"}],"author":[{"embeddable":true,"href":"https:\/\/beursvanberlage.com\/de\/wp-json\/wp\/v2\/users\/2"}],"replies":[{"embeddable":true,"href":"https:\/\/beursvanberlage.com\/de\/wp-json\/wp\/v2\/comments?post=10968"}],"wp:featuredmedia":[{"embeddable":true,"href":"https:\/\/beursvanberlage.com\/de\/wp-json\/wp\/v2\/media\/10972"}],"wp:attachment":[{"href":"https:\/\/beursvanberlage.com\/de\/wp-json\/wp\/v2\/media?parent=10968"}],"wp:term":[{"taxonomy":"event-category","embeddable":true,"href":"https:\/\/beursvanberlage.com\/de\/wp-json\/wp\/v2\/event-category?post=10968"}],"curies":[{"name":"wp","href":"https:\/\/api.w.org\/{rel}","templated":true}]}}

<div class="wp-block-endeavour-wp-blocks-banner-w-content-card wp-block-endeavour-wp-blocks-banner-w-content-card">
    <div class="banner-w-content-card__outer-wrapper">
        <div class="banner-w-content-card__image-wrapper">
                            <img decoding="async" class="banner-w-content-card__image" src="https://beursvanberlage.com/app/uploads/2025/03/SAF-congress.jpeg" alt="Banner Image" />
                    </div>

        <div class="banner-w-content-card__content-wrapper">
            <div class="content-wrapper">
                <div class="banner-w-content-card__text-wrapper">
                                            <div class="banner-w-content-card__breadcrumbs">
                                                                                            <a
                                        href="https://beursvanberlage.com/de/kalender/"
                                        class="banner-w-content-card__breadcrumb-link ">
                                    Kalender                                </a>
                                                                    <span class="banner-w-content-card__breadcrumb-separator"> / </span>
                                                                                                                            <a
                                        href="#"
                                        class="banner-w-content-card__breadcrumb-link banner-w-content-card__breadcrumb-link--active">
                                    Sustainable Aviation Futures Congress                                </a>
                                                                                    </div>
                    
                                            <h1 class="banner-w-content-card__title">
                            SAF Congress                        </h1>
                    
                                    </div>
            </div>
        </div>
    </div>
</div>



<div class="wp-block-endeavour-wp-blocks-custom-spacer custom-spacer    "><div style="height:1rem" class="custom-spacer__mobile"></div><div style="height:3rem" class="custom-spacer__desktop"></div></div>



<section class="wp-block-endeavour-wp-blocks-content-container content-container    "><div class="wp-block-endeavour-wp-blocks-content-container content-container__inner content-container__inner--medium    ">
<div class="wp-block-endeavour-wp-blocks-image-w-text-cta    "><div class="image-w-text-cta__outer-wrapper"><div class="content-wrapper"><div class="image-w-text-cta__inner-wrapper"><div class="image-w-text-cta__content-wrapper"><h4 class="image-w-text-cta__title">über den Kongress für die Zukunft der nachhaltigen Luftfart</h4><div class="image-w-text-cta__text">Vom 15.–17. Juni 2026 veranstaltet die Beurs van Berlage das weltweit größte SAF- &amp; Aviation-Dekarbonisierungs-Event im Herzen von Amsterdam. Mit über 1.000 Teilnehmern, 250+ Speakern, 50 globalen Partnern und 10 Themen-Streams bringt die Veranstaltung die internationale Luftfahrt- und Sustainable-Fuel-Community zusammen.<br><br>An drei Tagen kommen hochrangige Entscheidungsträger und Experten aus mehr als 60 Ländern zusammen, um die Zukunft der nachhaltigen Luftfahrt zu diskutieren, die Einführung von SAF voranzutreiben und Strategien für eine dekarbonisierte Luftfahrt zu gestalten.</div><div class="wp-block-endeavour-wp-blocks-image-w-text-cta    ">
<div class="wp-block-endeavour-wp-blocks-buttons-wrapper    "><div class="wp-block-endeavour-wp-blocks-buttons-wrapper     buttons-wrapper__wrapper">
<div class="wp-block-endeavour-wp-blocks-main-button     main-button"><a class="main-button__wrapper main-button__wrapper--is-primary" href="https://www.safcongress.com/" target="_blank" rel="noopener">Mehr Informationen</a></div>
</div></div>
</div></div><div class="image-w-text-cta__image-wrapper"><img decoding="async" class="image-w-text-cta__image" src="https://beursvanberlage.com/app/uploads/2025/03/SAFEUFloorplan.webp" alt="Uploaded Media" loading="lazy"/></div></div></div></div></div>
</div></section>



<div class="wp-block-endeavour-wp-blocks-custom-spacer custom-spacer    "><div style="height:1rem" class="custom-spacer__mobile"></div><div style="height:3rem" class="custom-spacer__desktop"></div></div>



<section class="wp-block-endeavour-wp-blocks-content-container content-container    "><div class="wp-block-endeavour-wp-blocks-content-container content-container__inner content-container__inner--medium    "><section class="usps-card-list  wp-block-endeavour-wp-blocks-usps-card-list usps-card-list wp-block-endeavour-wp-blocks-usps-card-list">
            <ul class="usps-card-list__cards">
            

<li class="wp-block-endeavour-wp-blocks-usps-card-item usps-card-item usps-card-list__card-item    "><a class="usps-card-item__link " href="https://www.safcongress.com/" target="_blank" rel="noopener"><h3 class="usps-card-item__title"></h3><div class="usps-card-item__content-wrapper"><p class="usps-card-item__content">Mehr Informationen</p><svg class="usps-card-item__icon" viewBox="0 0 512 512"><path d="M502.6 278.6c12.5-12.5 12.5-32.8 0-45.3l-128-128c-12.5-12.5-32.8-12.5-45.3 0s-12.5 32.8 0 45.3L402.7 224 32 224c-17.7 0-32 14.3-32 32s14.3 32 32 32l370.7 0-73.4 73.4c-12.5 12.5-12.5 32.8 0 45.3s32.8 12.5 45.3 0l128-128z"></path></svg></div></a></li>



<li class="wp-block-endeavour-wp-blocks-usps-card-item usps-card-item usps-card-list__card-item    "><a class="usps-card-item__link " href="https://beursvanberlage.b-com.hosting/EventPortal/Information/SAFEU2025/HOTEL.aspx" target="_blank" rel="noopener"><h3 class="usps-card-item__title"></h3><div class="usps-card-item__content-wrapper"><p class="usps-card-item__content">Buchen Sie Ihr Hotelzimmer</p><svg class="usps-card-item__icon" viewBox="0 0 512 512"><path d="M502.6 278.6c12.5-12.5 12.5-32.8 0-45.3l-128-128c-12.5-12.5-32.8-12.5-45.3 0s-12.5 32.8 0 45.3L402.7 224 32 224c-17.7 0-32 14.3-32 32s14.3 32 32 32l370.7 0-73.4 73.4c-12.5 12.5-12.5 32.8 0 45.3s32.8 12.5 45.3 0l128-128z"></path></svg></div></a></li>



<li class="wp-block-endeavour-wp-blocks-usps-card-item usps-card-item usps-card-list__card-item    "><a class="usps-card-item__link " href="https://beursvanberlage.com/de/veranstalten/amsterdam/" target="_self" rel="noopener"><h3 class="usps-card-item__title"></h3><div class="usps-card-item__content-wrapper"><p class="usps-card-item__content">Entdecken Sie Amsterdam</p><svg class="usps-card-item__icon" viewBox="0 0 512 512"><path d="M502.6 278.6c12.5-12.5 12.5-32.8 0-45.3l-128-128c-12.5-12.5-32.8-12.5-45.3 0s-12.5 32.8 0 45.3L402.7 224 32 224c-17.7 0-32 14.3-32 32s14.3 32 32 32l370.7 0-73.4 73.4c-12.5 12.5-12.5 32.8 0 45.3s32.8 12.5 45.3 0l128-128z"></path></svg></div></a></li>



<li class="wp-block-endeavour-wp-blocks-usps-card-item usps-card-item usps-card-list__card-item    "><a class="usps-card-item__link " href="https://beursvanberlage.com/de/kalender/" target="_self" rel="noopener"><h3 class="usps-card-item__title"></h3><div class="usps-card-item__content-wrapper"><p class="usps-card-item__content">Kalender</p><svg class="usps-card-item__icon" viewBox="0 0 512 512"><path d="M502.6 278.6c12.5-12.5 12.5-32.8 0-45.3l-128-128c-12.5-12.5-32.8-12.5-45.3 0s-12.5 32.8 0 45.3L402.7 224 32 224c-17.7 0-32 14.3-32 32s14.3 32 32 32l370.7 0-73.4 73.4c-12.5 12.5-12.5 32.8 0 45.3s32.8 12.5 45.3 0l128-128z"></path></svg></div></a></li>



<li class="wp-block-endeavour-wp-blocks-usps-card-item usps-card-item usps-card-list__card-item    "><a class="usps-card-item__link " href="https://beursvanberlage.com/de/kontakt/" target="_self" rel="noopener"><h3 class="usps-card-item__title"></h3><div class="usps-card-item__content-wrapper"><p class="usps-card-item__content">Häufig gestellte Fragen</p><svg class="usps-card-item__icon" viewBox="0 0 512 512"><path d="M502.6 278.6c12.5-12.5 12.5-32.8 0-45.3l-128-128c-12.5-12.5-32.8-12.5-45.3 0s-12.5 32.8 0 45.3L402.7 224 32 224c-17.7 0-32 14.3-32 32s14.3 32 32 32l370.7 0-73.4 73.4c-12.5 12.5-12.5 32.8 0 45.3s32.8 12.5 45.3 0l128-128z"></path></svg></div></a></li>



<li class="wp-block-endeavour-wp-blocks-usps-card-item usps-card-item usps-card-list__card-item    "><a class="usps-card-item__link " href="https://beursvanberlage.com/de/ueber-die-beurs/nachhaltigkeit/" target="_self" rel="noopener"><h3 class="usps-card-item__title"></h3><div class="usps-card-item__content-wrapper"><p class="usps-card-item__content">Nachhaltigkeit</p><svg class="usps-card-item__icon" viewBox="0 0 512 512"><path d="M502.6 278.6c12.5-12.5 12.5-32.8 0-45.3l-128-128c-12.5-12.5-32.8-12.5-45.3 0s-12.5 32.8 0 45.3L402.7 224 32 224c-17.7 0-32 14.3-32 32s14.3 32 32 32l370.7 0-73.4 73.4c-12.5 12.5-12.5 32.8 0 45.3s32.8 12.5 45.3 0l128-128z"></path></svg></div></a></li>

        </ul>
    
    </section>
</div></section>



<div class="wp-block-endeavour-wp-blocks-custom-spacer custom-spacer    "><div style="height:1rem" class="custom-spacer__mobile"></div><div style="height:3rem" class="custom-spacer__desktop"></div></div>



<div class="wp-block-endeavour-wp-blocks-map-and-content map-section custom-small-content-wrapper   "><div class="map-section__background-image-wrapper "><img decoding="async" src="https://beursvanberlage.com/app/uploads/2024/07/TPT-HIGHLIGTS-DAY-2_47.jpg" alt="" class="map-section__background-image"/></div><div class="map-section__columns content-wrapper"><div class="map-section__map-column " data-attributes="{&quot;backgroundImage&quot;:&quot;https://beursvanberlage.com/app/uploads/2024/07/TPT-HIGHLIGTS-DAY-2_47.jpg&quot;,&quot;markers&quot;:[{&quot;lat&quot;:52.375065367428626,&quot;lng&quot;:4.8961687088012695,&quot;markerIcon&quot;:&quot;https://beursvanberlage.com/app/uploads/2024/06/BeursGold.png&quot;}],&quot;zoom&quot;:8,&quot;center&quot;:{&quot;lat&quot;:0,&quot;lng&quot;:0},&quot;isIframe&quot;:false,&quot;iframeCode&quot;:&quot;&quot;,&quot;smallContent&quot;:true}"></div><div class="map-section__content-column">
<div style="height:32px" aria-hidden="true" class="wp-block-spacer    "></div>



<h4 class="wp-block-heading    ">Erreichbarkeit</h4>



<div style="height:32px" aria-hidden="true" class="wp-block-spacer    "></div>



<h5 class="wp-block-heading    ">Besuchsadresse</h5>



<p class="undefined    ">Damrak 243</p>



<p class="undefined    ">1012 ZJ Amsterdam</p>



<p class="undefined    ">Niederlande</p>



<div style="height:32px" aria-hidden="true" class="wp-block-spacer    "></div>



<h5 class="wp-block-heading    ">Lieferadresse</h5>



<p class="undefined    ">Beursstraat 6 expeditie</p>



<p class="undefined    ">1012 JV Amsterdam</p>



<p class="undefined    ">Niederlande</p>



<div style="height:32px" aria-hidden="true" class="wp-block-spacer    "></div>
</div></div></div>

<p>Der größte SAF &#038; Aviation Kongress kommt in die Beurs van Berlage – mit 1.000 Teilnehmenden und 200 Expert:innen aus der internationalen Luftfahrt- und Energiebranche.</p>
